{"id":403,"date":"2021-06-10T08:21:39","date_gmt":"2021-06-10T08:21:39","guid":{"rendered":"https:\/\/swieteniemcy.pl\/?page_id=403"},"modified":"2021-08-15T17:35:22","modified_gmt":"2021-08-15T17:35:22","slug":"deip-x-org","status":"publish","type":"page","link":"https:\/\/varia.swieteniemcy.pl\/index.php\/deip-x-org\/","title":{"rendered":"DEiP \/ X-org"},"content":{"rendered":"<p>[et_pb_section fb_built=&#8221;1&#8243; _builder_version=&#8221;4.9.11&#8243; _module_preset=&#8221;default&#8221; background_color=&#8221;rgba(255,255,255,0)&#8221; global_colors_info=&#8221;{}&#8221;][et_pb_row column_structure=&#8221;1_4,1_2,1_4&#8243; _builder_version=&#8221;4.9.4&#8243; _module_preset=&#8221;default&#8221; global_colors_info=&#8221;{}&#8221;][et_pb_column type=&#8221;1_4&#8243; _builder_version=&#8221;4.9.4&#8243; _module_preset=&#8221;default&#8221; global_colors_info=&#8221;{}&#8221;][et_pb_image src=&#8221;https:\/\/varia.swieteniemcy.pl\/wp-content\/uploads\/2021\/08\/DEiP_logo-mniejsze-A.png&#8221; title_text=&#8221;DEiP_logo &#8211; mniejsze A&#8221; _builder_version=&#8221;4.9.11&#8243; _module_preset=&#8221;default&#8221; width=&#8221;69.2%&#8221; global_colors_info=&#8221;{}&#8221;][\/et_pb_image][\/et_pb_column][et_pb_column type=&#8221;1_2&#8243; _builder_version=&#8221;4.9.4&#8243; _module_preset=&#8221;default&#8221; global_colors_info=&#8221;{}&#8221;][et_pb_text _builder_version=&#8221;4.9.11&#8243; _module_preset=&#8221;default&#8221; background_color=&#8221;rgba(255,255,255,0.75)&#8221; custom_padding=&#8221;10px|15px|10px|15px|true|true&#8221; global_colors_info=&#8221;{}&#8221;]<\/p>\n<h1 style=\"text-align: center;\"><strong>DEiP \/ X-org<br \/><\/strong><\/h1>\n<p style=\"text-align: justify;\">Tajemnicza organizacja dzia\u0142aj\u0105ca na wielu polach, w wielu pa\u0144stwach, a nawet ponad nimi. Powsta\u0142a&#8230; niewiadomo kiedy, ma&#8230; nieustalon\u0105 ilo\u015b\u0107 cz\u0142onk\u00f3w, a jej priorytety s\u0105&#8230; niejasne. Niekt\u00f3rzy m\u00f3wi\u0105, \u017ce jedn\u0105 z jej naczelnych idea\u0142\u00f3w jest &#8222;Conservi&#8221;, ale spora cz\u0119\u015b\u0107 ludzi wewn\u0105trz nie do ko\u0144ca si\u0119 z tym zgodzi.<\/p>\n<p style=\"text-align: justify;\">Poni\u017cej przedstawiono kilka fakt\u00f3w, kt\u00f3re uda\u0142o si\u0119 ustali\u0107.<\/p>\n<p>[\/et_pb_text][\/et_pb_column][et_pb_column type=&#8221;1_4&#8243; _builder_version=&#8221;4.9.4&#8243; _module_preset=&#8221;default&#8221; global_colors_info=&#8221;{}&#8221;][et_pb_image src=&#8221;https:\/\/varia.swieteniemcy.pl\/wp-content\/uploads\/2021\/08\/DEiP_logo-mniejsze-A.png&#8221; title_text=&#8221;DEiP_logo &#8211; mniejsze A&#8221; _builder_version=&#8221;4.9.11&#8243; _module_preset=&#8221;default&#8221; width=&#8221;69.2%&#8221; global_colors_info=&#8221;{}&#8221;][\/et_pb_image][\/et_pb_column][\/et_pb_row][et_pb_row _builder_version=&#8221;4.9.10&#8243; _module_preset=&#8221;default&#8221; global_colors_info=&#8221;{}&#8221;][et_pb_column type=&#8221;4_4&#8243; _builder_version=&#8221;4.9.10&#8243; _module_preset=&#8221;default&#8221; global_colors_info=&#8221;{}&#8221;][et_pb_divider divider_style=&#8221;double&#8221; divider_position=&#8221;center&#8221; divider_weight=&#8221;8px&#8221; _builder_version=&#8221;4.9.10&#8243; _module_preset=&#8221;default&#8221; module_alignment=&#8221;center&#8221; custom_margin=&#8221;|0px||0px|false|false&#8221; custom_padding=&#8221;|150px|6px|150px|false|true&#8221; global_colors_info=&#8221;{}&#8221;][\/et_pb_divider][\/et_pb_column][\/et_pb_row][\/et_pb_section][et_pb_section fb_built=&#8221;1&#8243; admin_label=&#8221;Postacie lista&#8221; _builder_version=&#8221;4.9.11&#8243; _module_preset=&#8221;default&#8221; background_color=&#8221;rgba(255,255,255,0)&#8221; global_colors_info=&#8221;{}&#8221;][et_pb_row _builder_version=&#8221;4.9.11&#8243; _module_preset=&#8221;default&#8221; background_color=&#8221;rgba(255,255,255,0.75)&#8221; custom_padding=&#8221;10px|15px|10px|15px|true|true&#8221; global_colors_info=&#8221;{}&#8221;][et_pb_column type=&#8221;4_4&#8243; _builder_version=&#8221;4.9.11&#8243; _module_preset=&#8221;default&#8221; global_colors_info=&#8221;{}&#8221;][et_pb_blog include_categories=&#8221;17&#8243; _builder_version=&#8221;4.9.11&#8243; _module_preset=&#8221;default&#8221; hover_enabled=&#8221;0&#8243; global_colors_info=&#8221;{}&#8221; show_more=&#8221;on&#8221; show_date=&#8221;off&#8221; show_categories=&#8221;off&#8221; show_author=&#8221;off&#8221; sticky_enabled=&#8221;0&#8243;][\/et_pb_blog][\/et_pb_column][\/et_pb_row][\/et_pb_section]<\/p>\n","protected":false},"excerpt":{"rendered":"<p>DEiP \/ X-org Tajemnicza organizacja dzia\u0142aj\u0105ca na wielu polach, w wielu pa\u0144stwach, a nawet ponad nimi. Powsta\u0142a&#8230; niewiadomo kiedy, ma&#8230; nieustalon\u0105 ilo\u015b\u0107 cz\u0142onk\u00f3w, a jej priorytety s\u0105&#8230; niejasne. Niekt\u00f3rzy m\u00f3wi\u0105, \u017ce jedn\u0105 z jej naczelnych idea\u0142\u00f3w jest &#8222;Conservi&#8221;, ale spora cz\u0119\u015b\u0107 ludzi wewn\u0105trz nie do ko\u0144ca si\u0119 z tym zgodzi. Poni\u017cej przedstawiono kilka fakt\u00f3w, kt\u00f3re [&hellip;]<\/p>\n","protected":false},"author":2,"featured_media":0,"parent":0,"menu_order":0,"comment_status":"closed","ping_status":"closed","template":"","meta":{"_et_pb_use_builder":"on","_et_pb_old_content":"","_et_gb_content_width":"","footnotes":""},"class_list":["post-403","page","type-page","status-publish","hentry"],"yoast_head":"<!-- This site is optimized with the Yoast SEO plugin v27.4 - https:\/\/yoast.com\/product\/yoast-seo-wordpress\/ -->\n<title>DEiP \/ X-org - \u015awi\u0119te Niemcy<\/title>\n<meta name=\"robots\" content=\"index, follow, max-snippet:-1, max-image-preview:large, max-video-preview:-1\" \/>\n<link rel=\"canonical\" href=\"https:\/\/varia.swieteniemcy.pl\/index.php\/deip-x-org\/\" \/>\n<meta property=\"og:locale\" content=\"pl_PL\" \/>\n<meta property=\"og:type\" content=\"article\" \/>\n<meta property=\"og:title\" content=\"DEiP \/ X-org - \u015awi\u0119te Niemcy\" \/>\n<meta property=\"og:description\" content=\"DEiP \/ X-org Tajemnicza organizacja dzia\u0142aj\u0105ca na wielu polach, w wielu pa\u0144stwach, a nawet ponad nimi. Powsta\u0142a... niewiadomo kiedy, ma... nieustalon\u0105 ilo\u015b\u0107 cz\u0142onk\u00f3w, a jej priorytety s\u0105... niejasne. Niekt\u00f3rzy m\u00f3wi\u0105, \u017ce jedn\u0105 z jej naczelnych idea\u0142\u00f3w jest &quot;Conservi&quot;, ale spora cz\u0119\u015b\u0107 ludzi wewn\u0105trz nie do ko\u0144ca si\u0119 z tym zgodzi. Poni\u017cej przedstawiono kilka fakt\u00f3w, kt\u00f3re [&hellip;]\" \/>\n<meta property=\"og:url\" content=\"https:\/\/varia.swieteniemcy.pl\/index.php\/deip-x-org\/\" \/>\n<meta property=\"og:site_name\" content=\"\u015awi\u0119te Niemcy\" \/>\n<meta property=\"article:modified_time\" content=\"2021-08-15T17:35:22+00:00\" \/>\n<meta name=\"twitter:card\" content=\"summary_large_image\" \/>\n<script type=\"application\/ld+json\" class=\"yoast-schema-graph\">{\"@context\":\"https:\\\/\\\/schema.org\",\"@graph\":[{\"@type\":\"WebPage\",\"@id\":\"https:\\\/\\\/varia.swieteniemcy.pl\\\/index.php\\\/deip-x-org\\\/\",\"url\":\"https:\\\/\\\/varia.swieteniemcy.pl\\\/index.php\\\/deip-x-org\\\/\",\"name\":\"DEiP \\\/ X-org - \u015awi\u0119te Niemcy\",\"isPartOf\":{\"@id\":\"https:\\\/\\\/varia.swieteniemcy.pl\\\/#website\"},\"datePublished\":\"2021-06-10T08:21:39+00:00\",\"dateModified\":\"2021-08-15T17:35:22+00:00\",\"breadcrumb\":{\"@id\":\"https:\\\/\\\/varia.swieteniemcy.pl\\\/index.php\\\/deip-x-org\\\/#breadcrumb\"},\"inLanguage\":\"pl-PL\",\"potentialAction\":[{\"@type\":\"ReadAction\",\"target\":[\"https:\\\/\\\/varia.swieteniemcy.pl\\\/index.php\\\/deip-x-org\\\/\"]}]},{\"@type\":\"BreadcrumbList\",\"@id\":\"https:\\\/\\\/varia.swieteniemcy.pl\\\/index.php\\\/deip-x-org\\\/#breadcrumb\",\"itemListElement\":[{\"@type\":\"ListItem\",\"position\":1,\"name\":\"Strona g\u0142\u00f3wna\",\"item\":\"https:\\\/\\\/varia.swieteniemcy.pl\\\/\"},{\"@type\":\"ListItem\",\"position\":2,\"name\":\"DEiP \\\/ X-org\"}]},{\"@type\":\"WebSite\",\"@id\":\"https:\\\/\\\/varia.swieteniemcy.pl\\\/#website\",\"url\":\"https:\\\/\\\/varia.swieteniemcy.pl\\\/\",\"name\":\"\u015awi\u0119te Niemcy\",\"description\":\"\u015awi\u0119te Niemcy - powie\u015b\u0107 o IV Rzeszy, kt\u00f3rej terytoria zajmuj\u0105 tak\u017ce obszar dawnej Polski, obecnie zwanej Lechistanem\",\"potentialAction\":[{\"@type\":\"SearchAction\",\"target\":{\"@type\":\"EntryPoint\",\"urlTemplate\":\"https:\\\/\\\/varia.swieteniemcy.pl\\\/?s={search_term_string}\"},\"query-input\":{\"@type\":\"PropertyValueSpecification\",\"valueRequired\":true,\"valueName\":\"search_term_string\"}}],\"inLanguage\":\"pl-PL\"}]}<\/script>\n<!-- \/ Yoast SEO plugin. -->","yoast_head_json":{"title":"DEiP \/ X-org - \u015awi\u0119te Niemcy","robots":{"index":"index","follow":"follow","max-snippet":"max-snippet:-1","max-image-preview":"max-image-preview:large","max-video-preview":"max-video-preview:-1"},"canonical":"https:\/\/varia.swieteniemcy.pl\/index.php\/deip-x-org\/","og_locale":"pl_PL","og_type":"article","og_title":"DEiP \/ X-org - \u015awi\u0119te Niemcy","og_description":"DEiP \/ X-org Tajemnicza organizacja dzia\u0142aj\u0105ca na wielu polach, w wielu pa\u0144stwach, a nawet ponad nimi. Powsta\u0142a... niewiadomo kiedy, ma... nieustalon\u0105 ilo\u015b\u0107 cz\u0142onk\u00f3w, a jej priorytety s\u0105... niejasne. Niekt\u00f3rzy m\u00f3wi\u0105, \u017ce jedn\u0105 z jej naczelnych idea\u0142\u00f3w jest \"Conservi\", ale spora cz\u0119\u015b\u0107 ludzi wewn\u0105trz nie do ko\u0144ca si\u0119 z tym zgodzi. Poni\u017cej przedstawiono kilka fakt\u00f3w, kt\u00f3re [&hellip;]","og_url":"https:\/\/varia.swieteniemcy.pl\/index.php\/deip-x-org\/","og_site_name":"\u015awi\u0119te Niemcy","article_modified_time":"2021-08-15T17:35:22+00:00","twitter_card":"summary_large_image","schema":{"@context":"https:\/\/schema.org","@graph":[{"@type":"WebPage","@id":"https:\/\/varia.swieteniemcy.pl\/index.php\/deip-x-org\/","url":"https:\/\/varia.swieteniemcy.pl\/index.php\/deip-x-org\/","name":"DEiP \/ X-org - \u015awi\u0119te Niemcy","isPartOf":{"@id":"https:\/\/varia.swieteniemcy.pl\/#website"},"datePublished":"2021-06-10T08:21:39+00:00","dateModified":"2021-08-15T17:35:22+00:00","breadcrumb":{"@id":"https:\/\/varia.swieteniemcy.pl\/index.php\/deip-x-org\/#breadcrumb"},"inLanguage":"pl-PL","potentialAction":[{"@type":"ReadAction","target":["https:\/\/varia.swieteniemcy.pl\/index.php\/deip-x-org\/"]}]},{"@type":"BreadcrumbList","@id":"https:\/\/varia.swieteniemcy.pl\/index.php\/deip-x-org\/#breadcrumb","itemListElement":[{"@type":"ListItem","position":1,"name":"Strona g\u0142\u00f3wna","item":"https:\/\/varia.swieteniemcy.pl\/"},{"@type":"ListItem","position":2,"name":"DEiP \/ X-org"}]},{"@type":"WebSite","@id":"https:\/\/varia.swieteniemcy.pl\/#website","url":"https:\/\/varia.swieteniemcy.pl\/","name":"\u015awi\u0119te Niemcy","description":"\u015awi\u0119te Niemcy - powie\u015b\u0107 o IV Rzeszy, kt\u00f3rej terytoria zajmuj\u0105 tak\u017ce obszar dawnej Polski, obecnie zwanej Lechistanem","potentialAction":[{"@type":"SearchAction","target":{"@type":"EntryPoint","urlTemplate":"https:\/\/varia.swieteniemcy.pl\/?s={search_term_string}"},"query-input":{"@type":"PropertyValueSpecification","valueRequired":true,"valueName":"search_term_string"}}],"inLanguage":"pl-PL"}]}},"_links":{"self":[{"href":"https:\/\/varia.swieteniemcy.pl\/index.php\/wp-json\/wp\/v2\/pages\/403","targetHints":{"allow":["GET"]}}],"collection":[{"href":"https:\/\/varia.swieteniemcy.pl\/index.php\/wp-json\/wp\/v2\/pages"}],"about":[{"href":"https:\/\/varia.swieteniemcy.pl\/index.php\/wp-json\/wp\/v2\/types\/page"}],"author":[{"embeddable":true,"href":"https:\/\/varia.swieteniemcy.pl\/index.php\/wp-json\/wp\/v2\/users\/2"}],"replies":[{"embeddable":true,"href":"https:\/\/varia.swieteniemcy.pl\/index.php\/wp-json\/wp\/v2\/comments?post=403"}],"version-history":[{"count":7,"href":"https:\/\/varia.swieteniemcy.pl\/index.php\/wp-json\/wp\/v2\/pages\/403\/revisions"}],"predecessor-version":[{"id":875,"href":"https:\/\/varia.swieteniemcy.pl\/index.php\/wp-json\/wp\/v2\/pages\/403\/revisions\/875"}],"wp:attachment":[{"href":"https:\/\/varia.swieteniemcy.pl\/index.php\/wp-json\/wp\/v2\/media?parent=403"}],"curies":[{"name":"wp","href":"https:\/\/api.w.org\/{rel}","templated":true}]}}

<p>[et_pb_section fb_built=&#8221;1&#8243; _builder_version=&#8221;4.9.11&#8243; _module_preset=&#8221;default&#8221; background_color=&#8221;rgba(255,255,255,0)&#8221; global_colors_info=&#8221;{}&#8221;][et_pb_row column_structure=&#8221;1_4,1_2,1_4&#8243; _builder_version=&#8221;4.9.4&#8243; _module_preset=&#8221;default&#8221; global_colors_info=&#8221;{}&#8221;][et_pb_column type=&#8221;1_4&#8243; _builder_version=&#8221;4.9.4&#8243; _module_preset=&#8221;default&#8221; global_colors_info=&#8221;{}&#8221;][et_pb_image src=&#8221;https://varia.swieteniemcy.pl/wp-content/uploads/2021/08/DEiP_logo-mniejsze-A.png&#8221; title_text=&#8221;DEiP_logo &#8211; mniejsze A&#8221; _builder_version=&#8221;4.9.11&#8243; _module_preset=&#8221;default&#8221; width=&#8221;69.2%&#8221; global_colors_info=&#8221;{}&#8221;][/et_pb_image][/et_pb_column][et_pb_column type=&#8221;1_2&#8243; _builder_version=&#8221;4.9.4&#8243; _module_preset=&#8221;default&#8221; global_colors_info=&#8221;{}&#8221;][et_pb_text _builder_version=&#8221;4.9.11&#8243; _module_preset=&#8221;default&#8221; background_color=&#8221;rgba(255,255,255,0.75)&#8221; custom_padding=&#8221;10px|15px|10px|15px|true|true&#8221; global_colors_info=&#8221;{}&#8221;]</p>
<h1 style="text-align: center;"><strong>DEiP / X-org<br /></strong></h1>
<p style="text-align: justify;">Tajemnicza organizacja działająca na wielu polach, w wielu państwach, a nawet ponad nimi. Powstała&#8230; niewiadomo kiedy, ma&#8230; nieustaloną ilość członków, a jej priorytety są&#8230; niejasne. Niektórzy mówią, że jedną z jej naczelnych ideałów jest &#8222;Conservi&#8221;, ale spora część ludzi wewnątrz nie do końca się z tym zgodzi.</p>
<p style="text-align: justify;">Poniżej przedstawiono kilka faktów, które udało się ustalić.</p>
<p>[/et_pb_text][/et_pb_column][et_pb_column type=&#8221;1_4&#8243; _builder_version=&#8221;4.9.4&#8243; _module_preset=&#8221;default&#8221; global_colors_info=&#8221;{}&#8221;][et_pb_image src=&#8221;https://varia.swieteniemcy.pl/wp-content/uploads/2021/08/DEiP_logo-mniejsze-A.png&#8221; title_text=&#8221;DEiP_logo &#8211; mniejsze A&#8221; _builder_version=&#8221;4.9.11&#8243; _module_preset=&#8221;default&#8221; width=&#8221;69.2%&#8221; global_colors_info=&#8221;{}&#8221;][/et_pb_image][/et_pb_column][/et_pb_row][et_pb_row _builder_version=&#8221;4.9.10&#8243; _module_preset=&#8221;default&#8221; global_colors_info=&#8221;{}&#8221;][et_pb_column type=&#8221;4_4&#8243; _builder_version=&#8221;4.9.10&#8243; _module_preset=&#8221;default&#8221; global_colors_info=&#8221;{}&#8221;][et_pb_divider divider_style=&#8221;double&#8221; divider_position=&#8221;center&#8221; divider_weight=&#8221;8px&#8221; _builder_version=&#8221;4.9.10&#8243; _module_preset=&#8221;default&#8221; module_alignment=&#8221;center&#8221; custom_margin=&#8221;|0px||0px|false|false&#8221; custom_padding=&#8221;|150px|6px|150px|false|true&#8221; global_colors_info=&#8221;{}&#8221;][/et_pb_divider][/et_pb_column][/et_pb_row][/et_pb_section][et_pb_section fb_built=&#8221;1&#8243; admin_label=&#8221;Postacie lista&#8221; _builder_version=&#8221;4.9.11&#8243; _module_preset=&#8221;default&#8221; background_color=&#8221;rgba(255,255,255,0)&#8221; global_colors_info=&#8221;{}&#8221;][et_pb_row _builder_version=&#8221;4.9.11&#8243; _module_preset=&#8221;default&#8221; background_color=&#8221;rgba(255,255,255,0.75)&#8221; custom_padding=&#8221;10px|15px|10px|15px|true|true&#8221; global_colors_info=&#8221;{}&#8221;][et_pb_column type=&#8221;4_4&#8243; _builder_version=&#8221;4.9.11&#8243; _module_preset=&#8221;default&#8221; global_colors_info=&#8221;{}&#8221;][et_pb_blog include_categories=&#8221;17&#8243; _builder_version=&#8221;4.9.11&#8243; _module_preset=&#8221;default&#8221; hover_enabled=&#8221;0&#8243; global_colors_info=&#8221;{}&#8221; show_more=&#8221;on&#8221; show_date=&#8221;off&#8221; show_categories=&#8221;off&#8221; show_author=&#8221;off&#8221; sticky_enabled=&#8221;0&#8243;][/et_pb_blog][/et_pb_column][/et_pb_row][/et_pb_section]</p>

<p>DEiP / X-org Tajemnicza organizacja działająca na wielu polach, w wielu państwach, a nawet ponad nimi. Powstała&#8230; niewiadomo kiedy, ma&#8230; nieustaloną ilość członków, a jej priorytety są&#8230; niejasne. Niektórzy mówią, że jedną z jej naczelnych ideałów jest &#8222;Conservi&#8221;, ale spora część ludzi wewnątrz nie do końca się z tym zgodzi. Poniżej przedstawiono kilka faktów, które [&hellip;]</p>

<!-- This site is optimized with the Yoast SEO plugin v27.4 - https://yoast.com/product/yoast-seo-wordpress/ -->
<title>DEiP / X-org - Święte Niemcy</title>
<meta name="robots" content="index, follow, max-snippet:-1, max-image-preview:large, max-video-preview:-1" />
<link rel="canonical" href="https://varia.swieteniemcy.pl/index.php/deip-x-org/" />
<meta property="og:locale" content="pl_PL" />
<meta property="og:type" content="article" />
<meta property="og:title" content="DEiP / X-org - Święte Niemcy" />
<meta property="og:description" content="DEiP / X-org Tajemnicza organizacja działająca na wielu polach, w wielu państwach, a nawet ponad nimi. Powstała... niewiadomo kiedy, ma... nieustaloną ilość członków, a jej priorytety są... niejasne. Niektórzy mówią, że jedną z jej naczelnych ideałów jest &quot;Conservi&quot;, ale spora część ludzi wewnątrz nie do końca się z tym zgodzi. Poniżej przedstawiono kilka faktów, które [&hellip;]" />
<meta property="og:url" content="https://varia.swieteniemcy.pl/index.php/deip-x-org/" />
<meta property="og:site_name" content="Święte Niemcy" />
<meta property="article:modified_time" content="2021-08-15T17:35:22+00:00" />
<meta name="twitter:card" content="summary_large_image" />
<script type="application/ld+json" class="yoast-schema-graph">{"@context":"https:\/\/schema.org","@graph":[{"@type":"WebPage","@id":"https:\/\/varia.swieteniemcy.pl\/index.php\/deip-x-org\/","url":"https:\/\/varia.swieteniemcy.pl\/index.php\/deip-x-org\/","name":"DEiP \/ X-org - Święte Niemcy","isPartOf":{"@id":"https:\/\/varia.swieteniemcy.pl\/#website"},"datePublished":"2021-06-10T08:21:39+00:00","dateModified":"2021-08-15T17:35:22+00:00","breadcrumb":{"@id":"https:\/\/varia.swieteniemcy.pl\/index.php\/deip-x-org\/#breadcrumb"},"inLanguage":"pl-PL","potentialAction":[{"@type":"ReadAction","target":["https:\/\/varia.swieteniemcy.pl\/index.php\/deip-x-org\/"]}]},{"@type":"BreadcrumbList","@id":"https:\/\/varia.swieteniemcy.pl\/index.php\/deip-x-org\/#breadcrumb","itemListElement":[{"@type":"ListItem","position":1,"name":"Strona główna","item":"https:\/\/varia.swieteniemcy.pl\/"},{"@type":"ListItem","position":2,"name":"DEiP \/ X-org"}]},{"@type":"WebSite","@id":"https:\/\/varia.swieteniemcy.pl\/#website","url":"https:\/\/varia.swieteniemcy.pl\/","name":"Święte Niemcy","description":"Święte Niemcy - powieść o IV Rzeszy, której terytoria zajmują także obszar dawnej Polski, obecnie zwanej Lechistanem","potentialAction":[{"@type":"SearchAction","target":{"@type":"EntryPoint","urlTemplate":"https:\/\/varia.swieteniemcy.pl\/?s={search_term_string}"},"query-input":{"@type":"PropertyValueSpecification","valueRequired":true,"valueName":"search_term_string"}}],"inLanguage":"pl-PL"}]}</script>
<!-- / Yoast SEO plugin. -->

DEiP / X-org - Święte Niemcy

DEiP / X-org Tajemnicza organizacja działająca na wielu polach, w wielu państwach, a nawet ponad nimi. Powstała... niewiadomo kiedy, ma... nieustaloną ilość członków, a jej priorytety są... niejasne. Niektórzy mówią, że jedną z jej naczelnych ideałów jest "Conservi", ale spora część ludzi wewnątrz nie do końca się z tym zgodzi. Poniżej przedstawiono kilka faktów, które [&hellip;]

Święte Niemcy

Strona główna

Święte Niemcy - powieść o IV Rzeszy, której terytoria zajmują także obszar dawnej Polski, obecnie zwanej Lechistanem
